
7
Let c be -2 - 2/((-4)/6) - -285. Suppose h + c = 3*h. What is the hundreds digit of h?
1
Let v(w) = 89*w**2 + 76*w + 646. What is the units digit of v(-8)?
4
Let q(x) = x**3 - 3*x**2 - 2*x + 16. Let n be q(5). Let v = -44 + n. Suppose -i = -5 - v. What is the tens digit of i?
1
What is the units digit of (6 + -4 + (-9497)/2)*(-26 - -24)?
3
Let r(s) = 615*s + 616. Let h be r(-1). Suppose 2*g + 840 = 4*g. What is the tens digit of 0 + h - g/(-2)?
1
Suppose 5*c = -c + 151057 - 37501. What is the tens digit of c?
2
Suppose -m + 4*r - 2 = 0, -4*r + 12 = -0*m + 4*m. Let w(t) = -t**2 + 6*t - 6. Let q be w(4). What is the units digit of (-3 - (-1 + m)) + 73*q?
2
Let k be (1 + 0)*(5 + 12/(-3)). Let t(s) be the third derivative of 11*s**5/20 - s**4/24 - s**2. What is the units digit of t(k)?
2
Let m(i) be the third derivative of -41*i**7/5040 - i**6/720 + 11*i**5/20 - 31*i**2. Let n(t) be the third derivative of m(t). What is the tens digit of n(-2)?
8
Let v(z) be the third derivative of -z**6/120 - 3*z**5/20 + z**4/3 + 11*z**3/6 + 12*z**2. Let u be v(-9). Let r = -6 - u. What is the tens digit of r?
5
Let b be (2 - (3 - 4))/((-3)/(-3)). Let c(h) = h**3 - h**2 - 6*h + 5. Let i be c(b). Suppose 330 = i*d - o, d + 264 = 5*d + 5*o. What is the units digit of d?
6
Let b = 13107 + -12463. What is the tens digit of b?
4
Let q = 1684 + -664. Suppose -x + 3*r + 818 = 0, q = 2*x - 5*r - 616. What is the units digit of x?
8
Suppose 16*k - 6*k - 330 = 0. Suppose -27*v = -k*v + 960. What is the units digit of v?
0
Suppose -268793 + 1164 = -3*k + 5*c, -4*k - 3*c + 356829 = 0. What is the units digit of k?
8
Let y = -401 + 412. Suppose -r - y*i + 8*i = -1484, r - 2*i = 1469. What is the tens digit of r?
7
Let s(a) = -186*a + 241. Let g(h) = 47*h - 61. Let y(l) = -9*g(l) - 2*s(l). What is the thousands digit of y(-35)?
1
Let h be (-16)/(-4) + -1 + (-3)/3. Suppose 0 = -h*i + 21*i - 8569. What is the units digit of i?
1
Suppose 3*m - 45 = -81. What is the units digit of (-5 - 546/m)*10?
5
Let w = -28757 - -33442. What is the thousands digit of w?
4
What is the thousands digit of -11048*(-7 - (-15 - -10))?
2
Let j be 5423 + 6 - (-7 + 2 - -1). Let y be j/(-27) + 1 + 21/(-27). Let z = y - -372. What is the tens digit of z?
7
Suppose 5 = 367*f - 363*f - c, -2*c = 10. Let a(l) = 1 + 17 + 32 - l. What is the units digit of a(f)?
0
Suppose 0 = 12*g - 6486 + 18726. Let a = 1440 + g. Suppose 0 = -4*m + 9*m - a. What is the tens digit of m?
8
Let k = -150 + 150. Suppose k = -5*x + 2*u + 525 + 307, 5*x - 829 = -u. What is the units digit of x?
6
Suppose -5*m - 2*q = -4170, 4*m - 1034 - 2302 = 4*q. Suppose -m + 2499 = 3*c. What is the hundreds digit of c?
5
Suppose 2*z - 5*m - 25364 = 0, 11 = -3*m + 5. What is the tens digit of z?
7
Suppose -5 = 4*o - 5*p + 12, 3*p - 19 = -2*o. Suppose 0 = -x + 4*a + 316, o*x + 5*a - 595 = 50. What is the hundreds digit of x?
3
Let m be (-18)/24 - 1060/16. Let t = m + 443. What is the tens digit of t?
7
What is the hundreds digit of (-3*(-44636)/(-12))/(4/12*-3)?
1
Let i(s) = -s**2 + 5*s - 4. Let o be i(3). Let w be (-162)/(-16) + o/(-16). What is the units digit of (2 - 0)/(w/295)?
9
Let i = -790 - -233. Let d = i - -2051. What is the tens digit of d?
9
Let t(a) = 502*a + 168. What is the thousands digit of t(17)?
8
Let u(x) = -2*x + 23. Let a be u(8). Let m be (-16)/(-28) - (-983)/a. Suppose -114 = -5*b + m. What is the tens digit of b?
5
Suppose 0*z + 4*n = 2*z - 4156, -12 = 3*n. Suppose 16*j - 6906 = z. What is the units digit of j?
1
Let z = 6 + -36. What is the tens digit of (-6)/z*225/6*22?
6
Suppose n + 1666 = 5*m, -4853 = 4*n + m + 1895. Let t = n - -2483. What is the units digit of t?
7
Let f = 147 - 99. Suppose 4*y = 28 + f. Suppose 1 = 2*m - y. What is the tens digit of m?
1
Let s(c) = -c + 7. Let m be s(-8). Suppose -m = -4*j + n, 0*j + j - 12 = 3*n. What is the tens digit of 0 + j/(6/188) - 2?
9
Suppose 0*w - 4*w = 3*w. Suppose w*p - 3*p = 3*p. Suppose p = 2*s + 3 - 155. What is the units digit of s?
6
Let t be ((-72)/36)/((-2)/3). Suppose 2*r + 505 = t*r + 3*q, 2559 = 5*r - 2*q. What is the units digit of r?
1
Let y = -76 - -79. Suppose 0 = -3*j - y*p + 696, 11*p - 930 = -4*j + 6*p. What is the hundreds digit of j?
2
Suppose -12 + 20 = 4*q. Suppose u - q*u - 549 = -4*t, -129 = -t + 3*u. Suppose -516 + t = -3*j. What is the units digit of j?
6
Let t be 11*(-2 - (1 - 1) - -43). Let g = t + -184. Suppose 4*p - 222 = 4*r + r, r = 5*p - g. What is the tens digit of p?
5
Let n(i) = 32*i**3 - 11*i**2 + 50*i - 1. What is the thousands digit of n(6)?
6
Let o = 74140 + -34630. What is the tens digit of o?
1
Let c be (-8 + 50/15)*(0 - 861). Suppose -789*n + 796*n - c = 0. What is the hundreds digit of n?
5
Let l = 48 - 24. What is the hundreds digit of -4 + (-1815)/(-9) + (-16)/l?
1
Let a(m) = -5 + 6*m**2 + 37 - 23*m + 35 + 12. What is the hundreds digit of a(15)?
0
Let k = -769 + 1510. Let s = -297 + k. What is the tens digit of s?
4
Let m(h) = -31*h + 97. Let q be m(-30). Let c = q + -629. What is the units digit of c?
8
Let j = 71 + -105. Let l = j - -31. What is the tens digit of 2/(l/88*8/(-12))?
8
Suppose -145*j + 220*j = 1049250. What is the units digit of j?
0
Let w(a) = -50*a - 21. Let i = -6 - 1. What is the units digit of w(i)?
9
Suppose 0 = -r - 0*r + 58. Let x = -766 + 828. Suppose -r*g + x*g - 592 = 0. What is the tens digit of g?
4
Let p = 2033 + -1128. Suppose -p - 5805 = -5*w. What is the units digit of w?
2
Let m be (-2 - (-55)/30) + (-39675)/(-18). Suppose 6483 = 11*o + m. Suppose 9*d - 376 = o. What is the tens digit of d?
8
Let n(p) = -13*p - 75. Let a be n(-6). Suppose a*c - 1671 = -153. What is the hundreds digit of c?
5
Let m = 29795 + -14111. What is the tens digit of m?
8
Suppose 2*q = -5*m + 15204 + 42551, -46186 = -4*m + 2*q. What is the thousands digit of m?
1
Suppose 3*f - 327 = 342. Suppose 0 = 3*c + 3*g + 183, -7*c - 122 = -5*c + 5*g. Let i = f + c. What is the units digit of i?
2
Let y(a) = 182*a**2 + 19*a + 34. Let o be y(-5). Let w = o + -3027. What is the thousands digit of w?
1
Suppose 5*v = j - 45, 5*j = -7*v + 4*v - 27. Let g be -196 + v/(-3 + 6). Let n = g - -345. What is the tens digit of n?
4
Let x(p) = 3*p**2 + 12*p + 5. Let v be x(-4). Suppose -3*m = l - 795, 5*l - 882 = -v*m + 443. Let w = 378 - m. What is the units digit of w?
3
Let h = 518 + 141. Suppose h = 6*g - 691. Suppose 3*k - g = 219. What is the hundreds digit of k?
1
Let q(j) = 19*j - 1. Let r be q(-4). Let p = -71 - r. What is the units digit of 102/(-3)*(1 + 1 - p)?
6
Let l = -78 - -110. Let p = 113 - l. Let q = p - -15. What is the units digit of q?
6
Suppose 5*p + 3*u = 158389, 2*p + 7*u = 10*u + 63343. What is the tens digit of p?
7
Suppose 5*k - a - 1038 = -0*k, 12 = -4*a. Let v = 463 - k. Let z = v + -153. What is the units digit of z?
3
Suppose -10*j + 26*j - 168867 = 75885. What is the ten thousands digit of j?
1
Let u be (-1 + -40)*-2*1. Let o be (-246)/((3 - 4) + -1). Let c = o - u. What is the tens digit of c?
4
Suppose -4*a - 2670 = -a. Let t = -1944 + 1943. What is the tens digit of 3 - t/((-5)/a)?
8
Suppose 3782 = 7*n - 6*n. Suppose -2*c = -1600 - n. Suppose -5*b - c = -18*b. What is the hundreds digit of b?
2
Let r = 1011 - 461. Suppose r = 5*j - 15. What is the tens digit of j?
1
Suppose -2*u + q = -42279, 5*u - 15636 = 6*q + 90072. What is the ten thousands digit of u?
2
Suppose 0 = 2*j + 2*u + 156, 2*j = 5*j + u + 224. Let g = j + 75. Suppose w - 258 + 85 = -5*t, -301 = -g*w + 5*t. What is the units digit of w?
8
Let z = 3457 - 1854. What is the tens digit of z?
0
Let j(k) = -38*k - 147. Let m be j(-4). Suppose -2*i - 3369 = -m*t + i, t - 4*i - 684 = 0. What is the tens digit of t?
7
Let c(j) = 798*j**2 + 17*j + 38. What is the hundreds digit of c(-6)?
6
Suppose 4*l = 9*l - 10. Suppose -2*w - l*p = -3 - 5, 3*p + 51 = 4*w. What is the units digit of 22/6 + 3/w?
4
Suppose -2*l = l - 12. Suppose 3*x - f - 2985 = -0*x, l*f = -12. What is the units digit of x?
4
Let s = -1565 + 1563. Let k be 6/21 - 30/7. What is the units digit of (k - -130)/(1 - (2 + s))?
6
Let o = 207 + -65. Let w = o - 77. Let a = w + -21. What is the units digit of a?
4
What is the tens digit of (-8 - 8/1)*2424*-1?
8
What is the ten thousands dig